 composite number?
True
Is 3240113 prime?
True
Is 129547750099 a composite number?
True
Is 419242909 a prime number?
False
Is 13536219661 prime?
True
Is 43780125845 prime?
False
Is 40757806079 a prime number?
True
Is 5888795141 prime?
True
Is 884157691 a prime number?
False
Is 8552891407 a prime number?
False
Is 18441101417 composite?
False
Is 1045023251 prime?
False
Is 4257071471 a composite number?
False
Is 313096027 composite?
False
Is 7996474639 a composite number?
False
Is 13748934347 composite?
False
Is 678612163 a composite number?
True
Is 20824539739 a prime number?
False
Is 2249785597 a composite number?
True
Is 141809287 prime?
False
Is 674002957 a composite number?
True
Is 77460793 prime?
False
Is 3415082123 composite?
False
Is 1688869051 composite?
True
Is 5274855907 a prime number?
False
Is 842307881 a prime number?
True
Is 40927003967 composite?
False
Is 4830999167 prime?
False
Is 294593485 a prime number?
False
Is 15607911223 prime?
False
Is 1776296849 prime?
True
Is 12481986353 prime?
True
Is 65025987791 prime?
True
Is 26696012231 a prime number?
False
Is 3367495617 a prime number?
False
Is 6681995909 a composite number?
True
Is 4483728239 a prime number?
False
Is 79965095657 a prime number?
True
Is 213684633281 composite?
True
Is 12978795451 prime?
False
Is 2001644633 a prime number?
True
Is 15426177458 composite?
True
Is 192608621213 prime?
False
Is 64847569379 prime?
True
Is 235711487 prime?
False
Is 266319293 a composite number?
True
Is 1220321389 a composite number?
True
Is 5196950549 a composite number?
True
Is 29050141711 prime?
True
Is 218022923 a prime number?
False
Is 9380412317 a composite number?
False
Is 151969583 a composite number?
True
Is 3587425717 a prime number?
False
Is 866910403 a prime number?
True
Is 15784232363 a composite number?
False
Is 887567179 a composite number?
True
Is 160906507 prime?
True
Is 5582853173 composite?
True
Is 10260301769 prime?
False
Is 791570893 a prime number?
True
Is 111978161 a prime number?
False
Is 1129505579 prime?
True
Is 1928981767 composite?
False
Is 98700415087 a prime number?
True
Is 558094781 a composite number?
False
Is 1899727511 composite?
True
Is 758402573 a composite number?
False
Is 97384493 prime?
True
Is 5751950774 composite?
True
Is 137260814311 prime?
True
Is 58774023989 prime?
True
Is 168858283189 composite?
True
Is 2470333907 composite?
False
Is 1535410141 a prime number?
True
Is 2585321131 prime?
True
Is 29668883 composite?
False
Is 3045271129 a prime number?
True
Is 165696077 composite?
False
Is 3439691941 composite?
True
Is 43869684907 a composite number?
False
Is 1708855879 a composite number?
False
Is 1516942579 composite?
True
Is 4316177083 composite?
False
Is 67969337 a prime number?
False
Is 34925927 a prime number?
False
Is 66828834301 a prime number?
True
Is 1190874697 a composite number?
True
Is 121971151 a composite number?
False
Is 2762121181 a prime number?
False
Is 6371516549 prime?
True
Is 2227412629 composite?
True
Is 307694347 prime?
False
Is 5116585571 composite?
False
Is 3471809389 prime?
True
Is 258181967 a prime number?
False
Is 9321358727 a composite number?
True
Is 361726133 a composite number?
True
Is 3598874029 composite?
False
Is 82962068719 prime?
True
Is 5244019631 prime?
False
Is 7440959737 composite?
True
Is 60952076771 prime?
True
Is 1628679937 a composite number?
False
Is 38958263 a prime number?
True
Is 5803022669 a prime number?
False
Is 595783049 a prime number?
True
Is 673222024547 prime?
True
Is 1770512089 a composite number?
True
Is 979660795 a prime number?
False
Is 56714414411 prime?
True
Is 92289662783 a composite number?
False
Is 16160177261 a prime number?
True
Is 346275961 a prime number?
False
Is 5148229973 a composite number?
False
Is 976287707 prime?
False
Is 14034859127 a composite number?
False
Is 16261873 prime?
True
Is 189875479 a composite number?
True
Is 4560385657 a composite number?
False
Is 266673833 a composite number?
False
Is 121632557 composite?
False
Is 1341360014 composite?
True
Is 482030179 a composite number?
True
Is 63682595047 a prime number?
False
Is 113365937767 a prime number?
True
Is 21378993029 a composite number?
True
Is 12262997663 prime?
False
Is 1182940729 a prime number?
True
Is 715905083 a composite number?
False
Is 63465793 a prime number?
True
Is 3774905597 prime?
False
Is 4379612473 a prime number?
True
Is 1756740157 a composite number?
False
Is 76373238335 prime?
False
Is 1049213849 prime?
True
Is 481077631 composite?
True
Is 703804139 composite?
True
Is 2230385137 composite?
True
Is 442292843 a composite number?
False
Is 7753358741 a composite number?
False
Is 1171667639 a composite number?
False
Is 3797927545 prime?
False
Is 1701723739 a composite number?
True
Is 574119090449 prime?
False
Is 87379510459 composite?
True
Is 1834791089 prime?
True
Is 9894704431 composite?
False
Is 22624336061 a prime number?
True
Is 31712964481 prime?
False
Is 9674432041 composite?
False
Is 7842099701 prime?
True
Is 1064047337 a composite number?
False
Is 2681187833 prime?
True
Is 56883227 composite?
True
Is 2988835049 a prime number?
True
Is 1136009 prime?
False
Is 66866621 composite?
False
Is 37419427687 composite?
True
Is 11112805541 prime?
True
Is 45013155574 a composite number?
True
Is 13247107 a composite number?
False
Is 11907855881 composite?
False
Is 7891061 a prime number?
False
Is 12058883051 prime?
True
Is 49032242459 a prime number?
True
Is 380199409 composite?
True
Is 3251747 composite?
False
Is 276279329 composite?
True
Is 4190483261 a composite number?
True
Is 1108118831 a prime number?
False
Is 813061311 a composite number?
True
Is 263792414221 composite?
True
Is 94341587 a prime number?
False
Is 7401244961 prime?
False
Is 74029389701 composite?
False
Is 473748377 composite?
False
Is 950144003 a prime number?
False
Is 31375310227 prime?
True
Is 12805180105 composite?
True
Is 59937701479 a prime number?
True
Is 24122191 a prime number?
False
Is 635926001 composite?
True
Is 19714229189 a composite number?
True
Is 334355639 a composite number?
True
Is 267715307 composite?
True
Is 4455397007 a prime number?
False
Is 11114786453 a prime number?
False
Is 32055645683 composite?
True
Is 8970583 composite?
False
Is 864105679 a prime number?
True
Is 4742335127 prime?
False
Is 19080535781 a prime number?
False
Is 121797283 a composite number?
False
Is 3387881453 composite?
True
Is 137394919 composite?
True
Is 3277461667 a prime number?
True
Is 55877521727 prime?
False
Is 188788206041 a prime number?
True
Is 213183655753 a composite number?
False
Is 1496382341 prime?
True
Is 31359089 prime?
True
Is 170235797 composite?
False
Is 9002877991 a composite number?
False
Is 42852984749 a prime number?
False
Is 1878085097 a prime number?
False
Is 73941387521 composite?
False
Is 5956823371 composite?
False
Is 9559407399 prime?
False
Is 396838109 composite?
False
Is 61025324119 a prime number?
True
Is 19377167743 prime?
True
Is 157524287 a composite number?
False
Is 6043443047 a prime number?
True
Is 43856556829 composite?
True
Is 273333488903 a prime number?
True
Is 202725511 a composite number?
True
Is 594448733 a composite number?
False
Is 76692016693 composite?
False
Is 2515330123 composite?
True
Is 5036165447 a composite number?
False
Is 2374272089 a prime number?
False
Is 1996650014 a composite number?
True
Is 4544077001 a prime number?
True
Is 1014748843 a prime number?
True
Is 9820841 a composite number?
False
Is 7996849957 composite?
False
Is 617527243 a prime number?
True
Is 481955897 a prime number?
False
Is 191623457 prime?
True
Is 4348611269 composite?
True
Is 103660596955 composite?
True
Is 1278103499 a composite number?
False
Is 19324137659 a composite number?
False
Is 22261440835 prime?
False
Is 72579597169 composite?
True
Is 8248654207 a composite number?
True
Is 759876818 a composite number?
True
Is 58746463 composite?
False
Is 5710672337 a composite number?
False
Is 1178557841 prime?
False
Is 589169883 prime?
False
Is 477379601 composite?
True
Is 1036544279 a prime number?
False
Is 815741341 prime?
True
Is 1517164691 a composite number?
True
Is 1864725601 prime?
False
Is 3962086463 a composite number?
False
Is 270044273 a prime number?
True
Is 49399416823 a prime number?
False